he value of (0 - -6) + 11 + -22 + 6 + 7 + 32?
40
What is (19 - -17) + 8 - (-1 + 1 - 3)?
47
12 - (227 + -213 - (12 - 1))
9
Evaluate 248 + -208 - (52 - 5).
-7
What is the value of (-1 - 5) + -1331 + 1262?
-75
(-44 - -10) + (-376 - -478)
68
What is the value of 3 + -31 + (-203 - -279) + (2 - 0)?
50
12 - (38 - 19) - (-32 + -27)
52
What is -12 + 32 + (-13 - -4) - 65?
-54
What is (1 - (5 + -9) - 2) + (-9 - -55)?
49
What is the value of -3 + 14 + -3 + -5 - (20 + -10)?
-7
What is -9551 + 9421 + (0 - -10)?
-120
10 + -9 + 21 + -8 + -14 + (-3 - 16)
-19
(154 + -163 - (-2 + 2)) + (97 - (-1 - 2))
91
What is the value of 110 - (195 - (3 - -26))?
-56
What is the value of (1 - (-22 - -13) - 13) + (7 - 20)?
-16
Evaluate -12 + 14 + -104 + -1 - ((-42 - 14) + 48).
-95
What is the value of (24 - 51) + -45 + 60 + (79 - -3)?
70
What is the value of 5 + (-8 - -6) - -3 - (-186 + 214) - 3?
-25
15 + (-38 + 28 - 14)
-9
What is the value of (33 - (80 + -16 + -11)) + 13?
-7
What is the value of (85 - 81) + (-1 - 0 - 3) - -7 - -53?
60
Calculate -22 - (54 - (-14 + 42)).
-48
What is 37 - -4 - (881 + -868)?
28
Evaluate (-1 + -5 + 264 + -247 - -22) + -17.
16
What is the value of (-6 - 11) + 8 - (-9 + 6 + 35)?
-41
Evaluate -4 + 71 - (-9 + (3 - 5) + 7 - 7).
78
Calculate 10 - ((-13 - 9) + 6 + 5 + (0 - 23)).
44
What is 9 + -16 + 8 - -1 - (-302 - -304)?
0
Calculate -25 + (7 - (20 - (15 - -18))).
-5
What is 8 - (33 + (43 - -5) + 25)?
-98
Calculate -86 - 0 - ((0 - 16) + -39 + 63).
-94
Evaluate (7 - (-13 + -58) - (56 - 44)) + 9.
75
Evaluate -3 - (58 - (-57 + 147)).
29
Calculate -17 + (-30 - -53) + 6.
12
Evaluate 30 - (18 + -42 + 108 - 21).
-33
3 - (100 - 97) - (89 + 2)
-91
What is the value of 77 + -161 + (-10 - -21)?
-73
What is the value of 48 + -6 - (-1 + (-12 - -5))?
50
Calculate -10 + (-31 - -14) + 16 + 29 + 42.
60
Calculate 5 - 61 - ((-10 - -1) + (-42 - (-10 - 33))).
-48
Evaluate -13 + (85 - -4) + -2 - (-52 - -47).
79
12 + (-50 - (-34 - -13))
-17
(28 - 11) + -34 - (9 - 41)
15
What is (11 - 5 - -20) + (22 - (3 - -1))?
44
Evaluate 14417 - 14472 - ((0 - -46) + 1).
-102
Calculate -16 + 3 + (2 + -4 - -15) - -21.
21
What is -6 + 4 + 5 + 73 + -59 + 0?
17
Evaluate 50 - (-13 - 0) - (46 + -44).
61
Calculate 73 - 24 - 2 - 23 - 53.
-29
What is -16 - (69 + -115 - -90)?
-60
Evaluate (-9 - 4 - -2 - (1 + -1)) + (-4623 - -4589).
-45
Calculate -143 - -115 - (-4 + 0 + -9).
-15
Evaluate 4 + (-2 - -42) + -24 + -31.
-11
Calculate 54 + -116 - -116 - 52.
2
What is 28 + -9 + (-38 - -6) + -19?
-32
Calculate 34 - 4 - (11 - (-32 + 48)).
35
What is the value of 79 + 80 + -246 - -48?
-39
Calculate -28 + (-33 - -12) - -23.
-26
3 + -3 - ((-13 - 11 - -24) + (-2 - 7))
9
Evaluate 18 + (22 + -57 + 19 - -9).
11
What is (-83 - (-131 + 71)) + 63?
40
What is the value of (93 - -3) + 3 - (24 - (27 + -4)) - 8?
90
Calculate 298 + -349 - (4 + 4 + -7 + (-4 - -1)).
-49
What is the value of (-1 - -1) + (17 - (34 + -19) - (11 + -2))?
-7
What is 20 - 17 - (-48 - 4)?
55
Evaluate 2 + (-5 - (6 - -7 - 14)) + 43.
41
Evaluate 140 + (14 + -165 - -79).
68
Evaluate -36 + 12 + 76 + -135.
-83
-52 + 78 - (0 + -4 + 70)
-40
Evaluate (88 - 1) + (-4 - 10) + (-250 - -256).
79
Calculate 64 - (-10 + (25 - -37)).
12
What is 23 + -35 - -11 - (44 - -13)?
-58
Calculate -22 + -66 + (11 - (-7 + (29 - 23))).
-76
Calculate (-11 - 0) + -185 + 134.
-62
Calculate (3 - (1 + -1)) + (-76 + 44 - -30).
1
What is the value of (-168 - -18) + 54 + 183?
87
Calculate -11 - (141 - 139 - (20 - -2)) - (-1 - -144).
-134
Calculate 12 + -8 + -53 + (8 - -10).
-31
0 + (-8 - (-1 + 2)) - (335 + -518 - -170)
4
What is the value of -95 - -51 - (-13 + -29)?
-2
Calculate 1779 + -1795 - (37 + 1).
-54
What is the value of -1 - 77 - -1 - (-18929 - -18940)?
-88
124 + -163 + 49 - (0 + 8 - 0)
2
What is 2110 + -2165 - (-73 + 2)?
16
Evaluate -1 + (-20 - -37 - 16) + -37.
-37
What is the value of 3 - (0 - -31) - (15 + (29 - 30))?
-42
Evaluate (9 - (-2 + -2)) + 3 + -12 + (-32 - -31).
3
What is (24 - 47) + 81 - 28?
30
Evaluate (40 - 57) + -25 + -84.
-126
What is -3 + (-25 - -18) + 0 + (13 + 5 - 10)?
-2
What is the value of (-8 - (5 + -8)) + (-61 + 21 - -54)?
9
Calculate 75 + 5 + (-9 - -17) + -10 - (0 - -1).
77
(275 - 270) + (1 - (73 - 0)) - (16 + -4)
-79
Calculate -108 + 79 + -5 + (-16 - -75).
25
Calculate (-8 - 62 - -9) + -7 + 8 + 2.
-58
Evaluate 7 - (-6 - ((25 - 82) + -2)).
-46
What is the value of -45 + 106 + -16 + -61?
-16
Evaluate (-28 - -1) + 37 + -26.
-16
Calculate -143 - (-243 + 147 + 28).
-75
Evaluate (39 - 30 - -5) + -82 + -1 + 14.
-55
(11 - (0 + (-9 - (-13 - -7)))) + -79
-65
What is -8 - (-81 - (20 + (-7 - (-2 - -1))))?
87
-85 + 53 + (5 - -15) + 16 + (-3 - -97)
98
Calculate (48 - 13 - 18) + (3 - 2).
18
9 + 53 + -32 + -96 - ((5 - 2) + -1)
-68
What is the value of -25 - (-16 + (5 - 1 - 6) + 6 + 5)?
-18
Evaluate -66 - (-3 + 9 + (-24 - -13)) - -17.
-44
What is 39 + -39 - (-4 - 47)?
51
Calculate -75 - -64 - (8 + -1 + 0 + 46).
-64
What is (0 + 4 - 1) + 28 + -12 + 20?
39
What is -54 + 87 + 6 + 15 + -4 - -6?
56
What is the value of (20 - 14) + 0 + -28 + (-13 - -48)?
13
(-23 + 2 - -2) + (176 + -475 - -275)
-43
Calculate (-15 - 4) + 87 + 5 + (-5 - 10).
58
Evaluate 4 + 5 + (238 - 256) + -1 + 2 + 13.
5
What is the value of (-5 + 3 - (8 + 7 + -14)) + 21?
18
What is -59 - -45 - (-1 - (-2 - -2))?
-13
Evaluate -9 + (6 - -10) + -3 + 107 + (54 - 58).
107
What is 0 + -1 + 6 - (-8 + 9 + -7 - 45)?
56
Evaluate -715 + 717 + 53 + -5.
50
What is the value of -55 + ((-20 - -16) + 1 - 5 - -11)?
-52
Calculate (17 + 9 - -59) + -175.
-90
(-223 - -193) + (-14 - -1) + 0 + -1
-44
(24 - (152 + -91)) + -11 + 1
-47
Calculate -21 + -3 + -86 + (68 - -34).
-8
1 + (2 + -2 + -10 - (32 - 32)) + 30
21
Calculate 18 + (-390 + 441 - (19 + 0)).
50
Evaluate -12 - ((29 - 28) + 2 + (-5 - 5)).
-5
2 + 15 + (-156 - -179) + -6
34
Evaluate -25 - -38 - (-7 + 7 + 2 - 27).
38
Evaluate (-3 - 2) + 5 + -6 - (13 + -34 + 78).
-63
What is the value of 2 + -32 + (1 + -61 - -113)?
23
(-4 - (11 - (-8 + 9)) - 0) + 89
75
What is the value of 3 - 37 - (-73 - 19 - -14)?
44
-73 + (-2 - -26 - (20 + 12))
-81
Calculate (2 - -4) + (-12 - (1 - 5)) + (-253 - -171).
-84
What is -2 + -25 - (-55 - (-43 - 13))?
-28
-125 + (26 - 9 - -1)
-107
-23 - (1 + 20 + (-27 - (-30 + 15)))
-32
25 + (54 + -144 - -58)
-7
What is 1009 + -999 - (-2 - (-1 - -18))?
29
(-12 - -17) + -15 + -90 + 109
9
Evaluate 3 + -3 + -4 - ((628 - 644) + 0 + 5).
7
What is the value of -76 + (7 - -132) - 109?
-46
Calculate -11 - (-3 + -34 + -31 + -94).
151
Calculate 59 + (-32 - (-9 - 12)) - (-7 + 2).
53
Calculate 11 + (-6 - -1) + 36 + -8.
34
Evaluate 10 - (4 + (-2 - -4 - 5)) - (-599 + 563).
45
Calculate 34 + 33 + -14 - 34 - (2 + 20).
-3
What is -146 + -6 + 67 - -33?
-52
What is the value of -6 + 1 + 1 + -4720 + 4591?
-133
(42 - 16) + 87 + (9 - 2 - -3)
123
Calculate 64 + (-102 - (-99 - -54)).
7
Calculate -14 + 0 - (-20 + (-31 - -14) - 9).
32
What is the value of (-6 - -19) + -22 + (2 - -10 - -3)?
6
Calculate -66 + (7 + -5 + -11 + 15 - (0 - 1)).
-59
Calculate -13 + (39 - 41 - (2 - 2)) + 4.
-11
What is the value of (-1 - (-3 - 1)) + -655 + 637?
-15
Evaluate 570 - 558 - (-1 + -3 + 1).
15
Calculate 281 + -139 - 93 - (-2 + (8 - -2)).
41
(-16 - (-11 - (-6 + 11))) + -25
-25
(34 - (-2 - (2 + -5))) + (40 + -15 - 31)
27
What is the value of -19 - ((49 - (14 - (-2 - 7))) + -11)?
-34
What is the value of (-95 - -8) + 60 + -6?
-33
Calculate (93 - 1 - 67) + (25 - -1).
51
Evaluate 74 + -31 - (-18 + 11 + -22).
72
-12 + (-1 - 2) + 25 + (-55 - -27)
-18
362 + -400 - (-114 - -13)
63
What is the value of -29 + -96 - (-76 - 167)?
118
Evaluate 5 + (-2 - (-11 + 22)) + 1 + -6.
-13
What is (-3 - 0) + (23 - 17) - (235 + -244)?
12
-14 + (-14 - (-14 - 20)) - -8
14
What is the value of -47 - (-43 - 31 - 0)?
27
What is 4 + -4 + (11 - 1) - (-3 + -14 + 12)?
15
What is (-5 - -7 - 1) + -5 - (-1 + 11)?
-14
Calculate -15 - (16 - (95 + -24)) - -13.
53
Evaluate -73 - 0 - (951 - 956).
-68
What is the value of 65 + (50 - 4) + -78?
33
What is (-16 - -24 - -1) + -15 - (13 - 3)?
-16
What is (-61 - -29) + -11 + 74?
31
Evaluate 2 + 11 - (-2 + 11) - 44 - 6.
-46
(5 - (10 + (-26 - -20))) + 0 + 60
61
What is 49 - (-51 + 82 - -6)?
12
Calculate (6 - 13 - (0 - 5)) + (-22 - -60) + -3.
33
Evaluate -13 + (53 + 6 + (31 - 14) - -5).
68
Evaluate -4 + -5 +